{"id":4100,"date":"2017-06-20T19:36:10","date_gmt":"2017-06-20T19:36:10","guid":{"rendered":"http:\/\/preview.heide-mudokwan.de\/?page_id=4100"},"modified":"2022-04-28T12:46:02","modified_gmt":"2022-04-28T11:46:02","slug":"trainingszeiten","status":"publish","type":"page","link":"https:\/\/heide-mudokwan.de\/?page_id=4100","title":{"rendered":"Trainingszeiten"},"content":{"rendered":"<p><span style=\"display: inline !important; float: none; background-color: transparent; color: #333333; cursor: text; font-family: -apple-system,BlinkMacSystemFont,'Segoe UI',Roboto,Oxygen-Sans,Ubuntu,Cantarell,'Helvetica Neue',sans-serif; font-size: 16px; font-style: normal; font-variant: normal; font-weight: 400; letter-spacing: normal; line-height: 24px; orphans: 2; text-align: left; text-decoration: none; text-indent: 0px; text-transform: none; -webkit-text-stroke-width: 0px; white-space: normal; word-spacing: 0px;\"><h2 id=\"tablepress-34-name\" class=\"tablepress-table-name tablepress-table-name-id-34\">Trainingszeiten<\/h2>\n<span id=\"tablepress-34-description\" class=\"tablepress-table-description tablepress-table-description-id-34\">Unsere Trainingszeiten in Hermannsburg und Bergen<\/span>\n\n<table id=\"tablepress-34\" class=\"tablepress tablepress-id-34\" aria-labelledby=\"tablepress-34-name\" aria-describedby=\"tablepress-34-description\">\n<tbody class=\"row-striping row-hover\">\n<tr class=\"row-1\">\n\t<td class=\"column-1\"><strong>Montag<\/strong><\/td><td class=\"column-2\"><\/td><td class=\"column-3\"><\/td><td class=\"column-4\"><\/td>\n<\/tr>\n<tr class=\"row-2\">\n\t<td class=\"column-1\">17:30 bis<br \/>\n18:45 Uhr<br \/>\n<\/td><td class=\"column-2\">Kindertraining alle G\u00fcrtel<br \/>\nf\u00fcr Kinder ab 6 Jahren<\/td><td class=\"column-3\">Hermannsburg<br \/>\nTurnhallen Christian-Gymnasium<br \/>\nMissionsstra\u00dfe 6<\/td><td class=\"column-4\">Gruppe 1: Karsten Moldenhauer<br \/>\nGruppe 2: Almuth Ke\u00dfler<\/td>\n<\/tr>\n<tr class=\"row-3\">\n\t<td class=\"column-1\"><\/td><td class=\"column-2\"><\/td><td class=\"column-3\"><\/td><td class=\"column-4\"><\/td>\n<\/tr>\n<tr class=\"row-4\">\n\t<td class=\"column-1\"><strong>Dienstag<\/strong><\/td><td class=\"column-2\"><br \/>\nAusgesetzt.<\/td><td class=\"column-3\"><\/td><td class=\"column-4\"><\/td>\n<\/tr>\n<tr class=\"row-5\">\n\t<td class=\"column-1\"><del>18:30 bis<br \/>\n20:00 Uhr <\/del><\/td><td class=\"column-2\"><del>Traditionelles Training alle G\u00fcrtel<br \/>\nf\u00fcr Jugend und Erwachsene<\/del><br \/>\n<\/td><td class=\"column-3\"><del>Bergen<br \/>\nTurnhalle Oberschule Bergen<br \/>\nLange Stra\u00dfe 50<\/del><\/td><td class=\"column-4\"><\/td>\n<\/tr>\n<tr class=\"row-6\">\n\t<td class=\"column-1\"><\/td><td class=\"column-2\"><\/td><td class=\"column-3\"><\/td><td class=\"column-4\"><\/td>\n<\/tr>\n<tr class=\"row-7\">\n\t<td class=\"column-1\"><\/td><td class=\"column-2\"><\/td><td class=\"column-3\"><\/td><td class=\"column-4\"><\/td>\n<\/tr>\n<tr class=\"row-8\">\n\t<td class=\"column-1\"><strong>Freitag<\/strong><\/td><td class=\"column-2\"><\/td><td class=\"column-3\"><\/td><td class=\"column-4\"><\/td>\n<\/tr>\n<tr class=\"row-9\">\n\t<td class=\"column-1\">17:15 bis<br \/>\n18:30<\/td><td class=\"column-2\">Traditionelles Training alle G\u00fcrtel<br \/>\nf\u00fcr Kinder ab 6 Jahren -<br \/>\naufgeteilt in 2 Gruppen (Anf\u00e4nger | Fortgeschrittene)<\/td><td class=\"column-3\">Hermannsburg<br \/>\nTurnhalle Hermann-Billung-Grundschule<br \/>\nLutterweg 18<\/td><td class=\"column-4\">Gruppe 1: Almuth Ke\u00dfler<br \/>\nGruppe 2: Karsten Moldenhauer<\/td>\n<\/tr>\n<tr class=\"row-10\">\n\t<td class=\"column-1\">18:45 bis<br \/>\n20:15 Uhr<\/td><td class=\"column-2\">Traditionelles Training alle G\u00fcrtel<br \/>\nf\u00fcr Jugend und Erwachsene<\/td><td class=\"column-3\">Hermannsburg<br \/>\nTurnhalle Hermann-Billung-Grundschule<br \/>\nLutterweg 18<\/td><td class=\"column-4\">Thomas Pirch<\/td>\n<\/tr>\n<\/tbody>\n<\/table>\n<!-- #tablepress-34 from cache --><\/span><\/p>\n<p>Eine Teilnahme an den Trainings zur Probe ist jederzeit m\u00f6glich. Am besten nehmt ihr vorher <a href=\"&#109;&#x61;&#105;&#x6c;&#116;&#x6f;&#58;&#x69;&#110;&#x66;&#111;&#x40;&#104;&#x65;&#105;&#x64;&#101;&#x2d;&#109;&#x75;&#100;&#x6f;&#107;&#x77;&#97;&#x6e;&#46;&#x64;&#101;\">Kontakt<\/a> auf und schaut euch die Tipps f\u00fcr ein <a href=\"https:\/\/heide-mudokwan.de\/?page_id=4116\">Probetraining<\/a> an. Ihr k\u00f6nnt nat\u00fcrlich auch vor Ort jeden von uns ansprechen.<\/p>\n","protected":false},"excerpt":{"rendered":"<p>Eine Teilnahme an den Trainings zur Probe ist jederzeit m\u00f6glich. Am besten nehmt ihr vorher Kontakt auf und schaut euch die Tipps f\u00fcr ein Probetraining an. Ihr k\u00f6nnt nat\u00fcrlich auch&#8230;<\/p>\n","protected":false},"author":5,"featured_media":0,"parent":0,"menu_order":0,"comment_status":"closed","ping_status":"closed","template":"","meta":{"footnotes":""},"class_list":["post-4100","page","type-page","status-publish","hentry"],"_links":{"self":[{"href":"https:\/\/heide-mudokwan.de\/index.php?rest_route=\/wp\/v2\/pages\/4100","targetHints":{"allow":["GET"]}}],"collection":[{"href":"https:\/\/heide-mudokwan.de\/index.php?rest_route=\/wp\/v2\/pages"}],"about":[{"href":"https:\/\/heide-mudokwan.de\/index.php?rest_route=\/wp\/v2\/types\/page"}],"author":[{"embeddable":true,"href":"https:\/\/heide-mudokwan.de\/index.php?rest_route=\/wp\/v2\/users\/5"}],"replies":[{"embeddable":true,"href":"https:\/\/heide-mudokwan.de\/index.php?rest_route=%2Fwp%2Fv2%2Fcomments&post=4100"}],"version-history":[{"count":11,"href":"https:\/\/heide-mudokwan.de\/index.php?rest_route=\/wp\/v2\/pages\/4100\/revisions"}],"predecessor-version":[{"id":5961,"href":"https:\/\/heide-mudokwan.de\/index.php?rest_route=\/wp\/v2\/pages\/4100\/revisions\/5961"}],"wp:attachment":[{"href":"https:\/\/heide-mudokwan.de\/index.php?rest_route=%2Fwp%2Fv2%2Fmedia&parent=4100"}],"curies":[{"name":"wp","href":"https:\/\/api.w.org\/{rel}","templated":true}]}}