{"id":4106,"date":"2017-06-20T19:40:02","date_gmt":"2017-06-20T19:40:02","guid":{"rendered":"http:\/\/preview.heide-mudokwan.de\/?page_id=4106"},"modified":"2025-05-08T08:04:19","modified_gmt":"2025-05-08T07:04:19","slug":"guertelsystem","status":"publish","type":"page","link":"https:\/\/heide-mudokwan.de\/?page_id=4106","title":{"rendered":"Taekwondo-Graduierungen"},"content":{"rendered":"<h3>Kup und Dan<\/h3>\n<p>Um die Trainingsfortschritte festzustellen, k\u00f6nnen in regelm\u00e4\u00dfigen Abst\u00e4nden Pr\u00fcfungen abgelegt werden, die den Aktiven zum Tragen eines h\u00f6heren G\u00fcrtels berechtigt.<\/p>\n<p>Um dem Sch\u00fcler zu erm\u00f6glichen seinen eigenen Fortschritt festzustellen, gibt es im Taekwondo ein Graduierungssystem, das wie auch in einigen anderen Kampfsportarten durch verschiedenfarbige G\u00fcrtel realisiert wird. Dabei steht jede G\u00fcrtelfarbe f\u00fcr einen bestimmten Rang.<\/p>\n<p>Die Sch\u00fclergrade werden absteigend vom 10. bis zum 1.Kup eingeteilt. Die Meistergrade werden ansteigend vom 1. bis zum 10. Dan eingeteilt, wobei der 10. Dan dem Pr\u00e4sidenten des Taekwondo-Dachverbandes, der World Taekwondo Federation (WT), vorbehalten ist. Ab erreichen des 1. Dans ist ein Taekwondoin Meister und berechtigt den schwarzen G\u00fcrtel zu tragen.<\/p>\n<p>Das Erreichen einer h\u00f6heren Graduierung ist gekn\u00fcpft an die G\u00fcrtel-Pr\u00fcfungen, die in regelm\u00e4\u00dfigen Abst\u00e4nden absolviert werden k\u00f6nnen. Was genau abgepr\u00fcft wird, ist in unserer <a href=\"https:\/\/heide-mudokwan.de\/?page_id=4104\">Pr\u00fcfungsordnung<\/a> festgelegt.<\/p>\n<h4>Kup-Anf\u00e4ngergrade<\/h4>\n\n<table id=\"tablepress-1\" class=\"tablepress tablepress-id-1\">\n<tbody>\n<tr class=\"row-1\">\n\t<td class=\"column-1\">10. Kup<br \/>\n9. Kup<br \/>\n<\/td><td class=\"column-2\">Die Anf\u00e4ngerstufe.<br \/>\nDie Farbe der Reinheit, des unbeschriebenen Blatts.<\/td><td class=\"column-3\"><img loading=\"lazy\" decoding=\"async\" src=\"https:\/\/heide-mudokwan.de\/wp-content\/uploads\/2017\/06\/k_weiss.jpg\" alt=\"\" width=\"122\" height=\"116\" class=\"alignnone size-full wp-image-4232\" \/><\/td>\n<\/tr>\n<tr class=\"row-2\">\n\t<td class=\"column-1\">8. Kup<br \/>\n7. Kup<\/td><td class=\"column-2\">Die Farbe Gelb charakterisiert den Erdboden, auf dem alles folgende wachsen und gedeihen soll.<\/td><td class=\"column-3\"><img loading=\"lazy\" decoding=\"async\" src=\"https:\/\/heide-mudokwan.de\/wp-content\/uploads\/2017\/06\/k_gelb.jpg\" alt=\"\" width=\"122\" height=\"116\" class=\"alignnone size-full wp-image-4235\" \/><\/td>\n<\/tr>\n<tr class=\"row-3\">\n\t<td class=\"column-1\">6. Kup<br \/>\n5. Kup<\/td><td class=\"column-2\">Gr\u00fcn zeigt, dass bereits Fr\u00fcchte entstanden sind und schon Leben aus den Grundlagen hervorgegangen ist.<\/td><td class=\"column-3\"><img loading=\"lazy\" decoding=\"async\" src=\"https:\/\/heide-mudokwan.de\/wp-content\/uploads\/2017\/06\/k_gruen.jpg\" alt=\"\" width=\"122\" height=\"116\" class=\"alignnone size-full wp-image-4234\" \/><\/td>\n<\/tr>\n<\/tbody>\n<\/table>\n<!-- #tablepress-1 from cache -->\n<h4>Kup-Fortgeschrittenengrade<\/h4>\n\n<table id=\"tablepress-2\" class=\"tablepress tablepress-id-2\">\n<tbody>\n<tr class=\"row-1\">\n\t<td class=\"column-1\">4. Kup<br \/>\n3. Kup<br \/>\n<\/td><td class=\"column-2\">Blau stellt den Himmel dar, also das Erreichen einer gewissen Grenze, was nun zu h\u00f6herem befl\u00fcgelt.<\/td><td class=\"column-3\"><img loading=\"lazy\" decoding=\"async\" src=\"https:\/\/heide-mudokwan.de\/wp-content\/uploads\/2017\/06\/k_blau.jpg\" alt=\"\" width=\"122\" height=\"116\" class=\"alignnone size-full wp-image-4237\" \/><\/td>\n<\/tr>\n<tr class=\"row-2\">\n\t<td class=\"column-1\">2. Kup<br \/>\n1. Kup<\/td><td class=\"column-2\">Braun symbolisiert die Borke des Baumstammes, was bedeutet, dass die Techniken sich bereits gefestigt haben und der Sch\u00fcler kurz davor steht, Meister zu werden.<br \/>\nEs kann auch rot als G\u00fcrtelfarbe gew\u00e4hlt werden. <br \/>\nDiese Farbe bedeutet Achtung!, hier entsteht etwas Bedeutendes, Gro\u00dfes ist in Vorbereitung und im Kommen. <\/td><td class=\"column-3\"><img loading=\"lazy\" decoding=\"async\" src=\"https:\/\/heide-mudokwan.de\/wp-content\/uploads\/2017\/06\/k_braun.jpg\" alt=\"\" width=\"122\" height=\"116\" class=\"alignnone size-full wp-image-4236\" \/><\/td>\n<\/tr>\n<\/tbody>\n<\/table>\n<!-- #tablepress-2 from cache -->\n<h4>Dan-Meistergrade<\/h4>\n\n<table id=\"tablepress-3\" class=\"tablepress tablepress-id-3 tbody-has-connected-cells\">\n<tbody>\n<tr class=\"row-1\">\n\t<td class=\"column-1\">1.-4. Dan<br \/>\nMeister<\/td><td class=\"column-2\">Schwarz ist die Farbe, die alle anderen in sich vereinigt, st\u00e4rker ist als alle anderen. Die Farbe, die Achtung und Ehrfurcht einfl\u00f6\u00dft.<\/td><td class=\"column-3\"><img loading=\"lazy\" decoding=\"async\" src=\"https:\/\/heide-mudokwan.de\/wp-content\/uploads\/2017\/06\/k_schwarz.jpg\" alt=\"\" width=\"122\" height=\"55\" class=\"alignnone size-full wp-image-4233\" \/><\/td>\n<\/tr>\n<tr class=\"row-2\">\n\t<td class=\"column-1\">5. und 6. Dan<\/td><td colspan=\"2\" class=\"column-2\">ab dem 5. Dan darf man sich Gro\u00dfmeister nennen.<\/td>\n<\/tr>\n<tr class=\"row-3\">\n\t<td class=\"column-1\">7. bis 10. Dan<\/td><td colspan=\"2\" class=\"column-2\">K\u00f6nnen Dan-Graduierungen bis hier entweder durch Pr\u00fcfung erworben oder vom Kukkiwon f\u00fcr besondere Verdienste verliehen werden, so ist 10. allein dem Pr\u00e4sidenten der WT vorbehalten..<\/td>\n<\/tr>\n<\/tbody>\n<\/table>\n<!-- #tablepress-3 from cache -->\n","protected":false},"excerpt":{"rendered":"<p>Kup und Dan Um die Trainingsfortschritte festzustellen, k\u00f6nnen in regelm\u00e4\u00dfigen Abst\u00e4nden Pr\u00fcfungen abgelegt werden, die den Aktiven zum Tragen eines h\u00f6heren G\u00fcrtels berechtigt. Um dem Sch\u00fcler zu erm\u00f6glichen seinen eigenen&#8230;<\/p>\n","protected":false},"author":5,"featured_media":0,"parent":0,"menu_order":0,"comment_status":"closed","ping_status":"closed","template":"","meta":{"footnotes":""},"class_list":["post-4106","page","type-page","status-publish","hentry"],"_links":{"self":[{"href":"https:\/\/heide-mudokwan.de\/index.php?rest_route=\/wp\/v2\/pages\/4106","targetHints":{"allow":["GET"]}}],"collection":[{"href":"https:\/\/heide-mudokwan.de\/index.php?rest_route=\/wp\/v2\/pages"}],"about":[{"href":"https:\/\/heide-mudokwan.de\/index.php?rest_route=\/wp\/v2\/types\/page"}],"author":[{"embeddable":true,"href":"https:\/\/heide-mudokwan.de\/index.php?rest_route=\/wp\/v2\/users\/5"}],"replies":[{"embeddable":true,"href":"https:\/\/heide-mudokwan.de\/index.php?rest_route=%2Fwp%2Fv2%2Fcomments&post=4106"}],"version-history":[{"count":12,"href":"https:\/\/heide-mudokwan.de\/index.php?rest_route=\/wp\/v2\/pages\/4106\/revisions"}],"predecessor-version":[{"id":6096,"href":"https:\/\/heide-mudokwan.de\/index.php?rest_route=\/wp\/v2\/pages\/4106\/revisions\/6096"}],"wp:attachment":[{"href":"https:\/\/heide-mudokwan.de\/index.php?rest_route=%2Fwp%2Fv2%2Fmedia&parent=4106"}],"curies":[{"name":"wp","href":"https:\/\/api.w.org\/{rel}","templated":true}]}}