{"id":4122,"date":"2017-06-20T19:48:16","date_gmt":"2017-06-20T19:48:16","guid":{"rendered":"http:\/\/preview.heide-mudokwan.de\/?page_id=4122"},"modified":"2018-08-17T17:56:49","modified_gmt":"2018-08-17T16:56:49","slug":"impressum","status":"publish","type":"page","link":"https:\/\/heide-mudokwan.de\/?page_id=4122","title":{"rendered":"Impressum und Datenschutzerkl\u00e4rung"},"content":{"rendered":"<h4><h2 id=\"tablepress-4-name\" class=\"tablepress-table-name tablepress-table-name-id-4\">Vereinsdaten<\/h2>\n\n<table id=\"tablepress-4\" class=\"tablepress tablepress-id-4\" aria-labelledby=\"tablepress-4-name\">\n<tbody class=\"row-striping\">\n<tr class=\"row-1\">\n\t<td class=\"column-1\">Vereinsname<\/td><td class=\"column-2\">Heide Mu-Do Kwan e.V. Hermannsburg Bergen<\/td>\n<\/tr>\n<tr class=\"row-2\">\n\t<td class=\"column-1\">Postanschrift<\/td><td class=\"column-2\">Postfach 1274<br \/>\n29315 Hermannsburg<\/td>\n<\/tr>\n<tr class=\"row-3\">\n\t<td class=\"column-1\">Internet<\/td><td class=\"column-2\"><a href=\"https:\/\/heide-mudokwan.de\">https:\/\/heide-mudokwan.de<\/a><\/td>\n<\/tr>\n<tr class=\"row-4\">\n\t<td class=\"column-1\">E-Mail<\/td><td class=\"column-2\"><a href=&#109;&#x61;&#x69;l&#116;&#x6f;:&#105;&#x6e;&#x66;&#111;&#x40;&#x68;e&#105;&#x64;e&#45;&#x6d;&#x75;&#100;&#x6f;&#x6b;w&#97;&#x6e;&#46;&#100;&#x65;>&#x69;&#110;f&#x6f;&#x40;&#104;e&#x69;&#x64;&#101;-&#x6d;&#x75;&#100;o&#x6b;&#x77;&#97;n&#x2e;&#100;&#101;<\/a><\/td>\n<\/tr>\n<\/tbody>\n<\/table>\n<!-- #tablepress-4 from cache --><\/h4>\n<p>Registergericht: Amtsgericht L\u00fcneburg<br \/>\nVereinsregisternummer: 100 974<\/p>\n<p>&nbsp;<\/p>\n<h2 id=\"tablepress-5-name\" class=\"tablepress-table-name tablepress-table-name-id-5\">Vereinsmitgliedschaften<\/h2>\n\n<table id=\"tablepress-5\" class=\"tablepress tablepress-id-5\" aria-labelledby=\"tablepress-5-name\">\n<tbody class=\"row-striping\">\n<tr class=\"row-1\">\n\t<td class=\"column-1\">Landessportbund Niedersachsen e.V. (LSB)<\/td><td class=\"column-2\"><a href=\"https:\/\/www.lsb-niedersachsen.de\">https:\/\/www.lsb-niedersachsen.de\/<\/a><\/td>\n<\/tr>\n<tr class=\"row-2\">\n\t<td class=\"column-1\">Nieders\u00e4chsische Taekwondo Union e.V.<\/td><td class=\"column-2\"><a href=\"http:\/\/www.ntu.de\">http:\/\/www.ntu.de<\/a><\/td>\n<\/tr>\n<tr class=\"row-3\">\n\t<td class=\"column-1\">Deutsche Taekwondo Union e.V. (DTU)<\/td><td class=\"column-2\"><a href=\"http:\/\/www.dtu.de\">http:\/\/www.dtu.de\/<\/a><\/td>\n<\/tr>\n<\/tbody>\n<\/table>\n<!-- #tablepress-5 from cache -->\n<h2 id=\"tablepress-6-name\" class=\"tablepress-table-name tablepress-table-name-id-6\">Vertretungsberechtigter Vorstand<\/h2>\n\n<table id=\"tablepress-6\" class=\"tablepress tablepress-id-6\" aria-labelledby=\"tablepress-6-name\">\n<tbody class=\"row-striping\">\n<tr class=\"row-1\">\n\t<td class=\"column-1\">Vorsitzender<\/td><td class=\"column-2\">Thomas Pirch<\/td>\n<\/tr>\n<tr class=\"row-2\">\n\t<td class=\"column-1\">Stellv. Vorsitzende<\/td><td class=\"column-2\">Nadja Lipownik<\/td>\n<\/tr>\n<tr class=\"row-3\">\n\t<td class=\"column-1\">Schatzmeister<\/td><td class=\"column-2\">Karsten Moldenhauer<\/td>\n<\/tr>\n<\/tbody>\n<\/table>\n<!-- #tablepress-6 from cache -->\n<h5>Verantwortliche (Satzungsauszug)<\/h5>\n<p>\u00a79 Satz 1<br \/>\nVorstand im Sinne des \u00a726 BGB sind der Vorsitzende, der stellvertretende Vorsitzende und der Schatzmeister. Sie vertreten den Verein gerichtlich und au\u00dfergerichtlich. Jeder von ihnen ist allein vertretungsberechtigt. [&#8230;]\n<h5>Datenschutzerkl\u00e4rung<\/h5>\n<p>Diese Datenschutzerkl\u00e4rung kl\u00e4rt Sie \u00fcber die Art, den Umfang und Zweck der Verarbeitung von personenbezogenen Daten (nachfolgend kurz \u201eDaten\u201c) innerhalb unseres Onlineangebotes unserer Webseiten unter www.heide-mudokwan.de (nachfolgend gemeinsam bezeichnet als \u201eOnlineangebot\u201c). Im Hinblick auf die verwendeten Begrifflichkeiten, wie z.B. \u201eVerarbeitung\u201c oder \u201eVerantwortlicher\u201c verweisen wir auf die Definitionen im Art. 4 der Datenschutzgrundverordnung (DSGVO).<\/p>\n<h6>Zugriff auf und Art der verarbeiteten Daten:<\/h6>\n<p>Bei jedem Zugriff eines Nutzers auf eine Seite unseres Internetangebots und bei jedem Abruf einer Datei werden Zugriffsdaten \u00fcber diesen Vorgang in einer Protokolldatei beim Server unseres Website-Hosters\u00a0(<a href=\"https:\/\/leine-weber.net\/\">https:\/\/leine-weber.net\/<\/a>) gespeichert. Jeder Datensatz besteht aus:<\/p>\n<ul>\n<li>der Seite, von der aus die Datei angefordert wurde, dem Namen der Datei,<\/li>\n<li>dem Datum und der Uhrzeit der Anforderung,<\/li>\n<li>der \u00fcbertragenen Datenmenge,<\/li>\n<li>dem Zugriffsstatus (Datei \u00fcbertragen, Datei nicht gefunden etc.),<\/li>\n<li>einer Beschreibung des Typs des verwendeten Webbrowsers,<\/li>\n<li>Betriebssystem und Hostname des verwendeten Rechners<\/li>\n<li>Client IP-Adresse.<\/li>\n<\/ul>\n<p>Eine Zusammenf\u00fchrung dieser Daten mit anderen Datenquellen erfolgt nicht. Sofern innerhalb des Internetangebotes die M\u00f6glichkeit zur Eingabe pers\u00f6nlicher oder gesch\u00e4ftlicher Daten (E-Mail-Adressen, Namen, Anschriften) besteht, so erfolgt die Preisgabe dieser Daten seitens des Nutzers auf ausdr\u00fccklich freiwilliger Basis. Auch hier werden Ihre Daten vertraulich behandelt und nicht an Dritte weitergegeben.<\/p>\n<h6>Zweck der Verarbeitung<\/h6>\n<p>Zurverf\u00fcgungstellung des Onlineangebotes, seiner Funktionen und Inhalte. Beantwortung von Kontaktanfragen und Kommunikation mit Nutzern.\u00a0 Sicherheitsma\u00dfnahmen.<\/p>\n<h6>Ver\u00f6ffentlichte Daten:<\/h6>\n<p>Auf unserem Onlineangebot sowie den sozialen Medien und Printmedien werden au\u00dferdem folgende Daten kommuniziert:<\/p>\n<p>Von Funktionstr\u00e4gern, ehrenamtlichen und hauptamtlichen Mitarbeitern, Kaderathletinnen und Kaderathleten sowie von Teilnehmerinnen und Teilnehmern von sportlichen Veranstaltungen<\/p>\n<ul>\n<li>Bestandsdaten (Namen).<\/li>\n<li>Inhaltsdaten (Fotografien, Videos, Ergebnislisten).<\/li>\n<\/ul>\n<h6>Ma\u00dfgebliche Rechtsgrundlagen<\/h6>\n<p>Rechtsgrundlage f\u00fcr die Verarbeitung zur Erf\u00fcllung unserer Leistungen und Durchf\u00fchrung vertraglicher Ma\u00dfnahmen sowie Beantwortung von Anfragen ist Art. 6 Abs. 1 lit. b DSGVO, die Rechtsgrundlage f\u00fcr die Verarbeitung zur Erf\u00fcllung unserer rechtlichen Verpflichtungen ist Art. 6 Abs. 1 lit. c DSGVO, und die Rechtsgrundlage f\u00fcr die Verarbeitung zur Wahrung unserer berechtigten Interessen\u00a0(z.B. die Ver\u00f6ffentlichung von Fotografien im Internet und Printmedien zur Darstellung des Vereins und Mitgliederwerbung) ist Art. 6 Abs. 1 lit. f DSGVO. F\u00fcr den Fall, dass lebenswichtige Interessen der betroffenen Person oder einer anderen nat\u00fcrlichen Person eine Verarbeitung personenbezogener Daten erforderlich machen, dient Art. 6 Abs. 1 lit. d DSGVO als Rechtsgrundlage.<\/p>\n<h6>Zusammenarbeit mit Auftragsverarbeitern und Dritten<\/h6>\n<p>Sofern wir im Rahmen unserer Verarbeitung Daten gegen\u00fcber anderen Personen und Unternehmen (Auftragsverarbeitern oder Dritten) offenbaren, sie an diese \u00fcbermitteln oder ihnen sonst Zugriff auf die Daten gew\u00e4hren, erfolgt dies nur auf Grundlage einer gesetzlichen Erlaubnis (z.B. wenn eine \u00dcbermittlung der Daten an Dritte, wie an Zahlungsdienstleister, gem. Art. 6 Abs. 1 lit. b DSGVO zur Vertragserf\u00fcllung erforderlich ist), Sie eingewilligt haben, eine rechtliche Verpflichtung dies vorsieht oder auf Grundlage unserer berechtigten Interessen (z.B. beim Einsatz von Beauftragten, Webhostern, etc.).<\/p>\n<h6>Rechte der betroffenen Personen<\/h6>\n<p>Sie haben das Recht, eine Best\u00e4tigung dar\u00fcber zu verlangen, ob betreffende Daten verarbeitet werden und auf Auskunft \u00fcber diese Daten sowie auf weitere Informationen und Kopie der Daten entsprechend Art. 15 DSGVO.<\/p>\n<p>Sie haben entsprechend. Art. 16 DSGVO das Recht, die Vervollst\u00e4ndigung der Sie betreffenden Daten oder die Berichtigung der Sie betreffenden unrichtigen Daten zu verlangen.<\/p>\n<p>Sie haben nach Ma\u00dfgabe des Art. 17 DSGVO das Recht zu verlangen, dass betreffende Daten unverz\u00fcglich gel\u00f6scht werden, bzw. alternativ nach Ma\u00dfgabe des Art. 18 DSGVO eine Einschr\u00e4nkung der Verarbeitung der Daten zu verlangen.<\/p>\n<p>Sie haben das Recht zu verlangen, die Sie betreffenden Daten, die Sie uns bereitgestellt haben nach Ma\u00dfgabe des Art. 20 DSGVO zu erhalten und deren \u00dcbermittlung an andere Verantwortliche zu fordern.<\/p>\n<p>Sie haben ferner gem. Art. 77 DSGVO das Recht, eine Beschwerde bei der zust\u00e4ndigen Aufsichtsbeh\u00f6rde einzureichen.<\/p>\n<p>Sie haben das Recht, erteilte Einwilligungen gem. Art. 7 Abs. 3 DSGVO mit Wirkung f\u00fcr die Zukunft zu widerrufen.<\/p>\n<p>Sie k\u00f6nnen der k\u00fcnftigen Verarbeitung der Sie betreffenden Daten nach Ma\u00dfgabe des Art. 21 DSGVO jederzeit widersprechen. Der Widerspruch kann insbesondere gegen die Verarbeitung f\u00fcr Zwecke der Direktwerbung erfolgen.<\/p>\n<h6>Cookies<\/h6>\n<p>Die Internetseiten verwenden teilweise so genannte Cookies. Cookies richten auf Ihrem Rechner keinen Schaden an und enthalten keine Viren. Cookies dienen dazu, unser Angebot nutzerfreundlicher, effektiver und sicherer zu machen. Cookies sind kleine Textdateien, die auf Ihrem Rechner abgelegt werden und die Ihr Browser speichert.<\/p>\n<p>Wir k\u00f6nnen tempor\u00e4re und permanente Cookies einsetzen und kl\u00e4ren hier\u00fcber im Rahmen unserer Datenschutzerkl\u00e4rung auf.<\/p>\n<p>Falls die Nutzer nicht m\u00f6chten, dass Cookies auf ihrem Rechner gespeichert werden, werden sie gebeten die entsprechende Option in den Systemeinstellungen ihres Browsers zu deaktivieren. Gespeicherte Cookies k\u00f6nnen in den Systemeinstellungen des Browsers gel\u00f6scht werden. Der Ausschluss von Cookies kann zu Funktionseinschr\u00e4nkungen dieses Onlineangebotes f\u00fchren.<\/p>\n<p>Cookies, die zur Durchf\u00fchrung des elektronischen Kommunikationsvorgangs oder zur Bereitstellung bestimmter, von Ihnen erw\u00fcnschter Funktionen (z.B. Warenkorbfunktion) erforderlich sind, werden auf Grundlage von Art. 6 Abs. 1 lit. f DSGVO gespeichert. Der Websitebetreiber hat ein berechtigtes Interesse an der Speicherung von Cookies zur technisch fehlerfreien und optimierten Bereitstellung seiner Dienste. Soweit andere Cookies (z.B. Cookies zur Analyse Ihres Surfverhaltens) gespeichert werden, werden diese in dieser Datenschutzerkl\u00e4rung gesondert behandelt.<\/p>\n<h6>L\u00f6schung von Daten<\/h6>\n<p>Die personenbezogenen Daten der betroffenen Person werden gel\u00f6scht oder gesperrt, sobald der Zweck der Speicherung entf\u00e4llt. Eine Speicherung kann dar\u00fcber hinaus dann erfolgen, wenn dies durch Gesetze oder sonstigen Vorschriften, denen der Verantwortliche unterliegt, vorgesehen wurde.<\/p>\n<h6>Kontaktaufnahme<\/h6>\n<p>Bei der Kontaktaufnahme mit uns (z.B. per Kontaktformular, E-Mail, Telefon oder via sozialer Medien) werden die Angaben des Nutzers zur Bearbeitung der Kontaktanfrage und deren Abwicklung gem. Art. 6 Abs. 1 lit. b) DSGVO verarbeitet.<\/p>\n<h6>Google Analytics<\/h6>\n<p>Dieses Onlineangebot benutzt kein Google Analytics.<\/p>\n<h6>Onlinepr\u00e4senzen in sozialen Medien<\/h6>\n<p>Beim Aufruf der jeweiligen Netzwerke und Plattformen gelten die Gesch\u00e4ftsbedingungen und die Datenverarbeitungsrichtlinien deren jeweiligen Betreiber.<\/p>\n<p>Soweit nicht anders im Rahmen unserer Datenschutzerkl\u00e4rung angegeben, verarbeiten wird die Daten der Nutzer sofern diese mit uns innerhalb der sozialen Netzwerke und Plattformen kommunizieren, z.B. Beitr\u00e4ge auf unseren Onlinepr\u00e4senzen verfassen oder uns Nachrichten zusenden.<\/p>\n<h6>Google Maps<\/h6>\n<p>Wir binden die Landkarten des Dienstes \u201cGoogle Maps\u201d des Anbieters Google LLC, 1600 Amphitheatre Parkway, Mountain View, CA 94043, USA, ein. Datenschutzerkl\u00e4rung: <a href=\"https:\/\/www.google.com\/policies\/privacy\/\">https:\/\/www.google.com\/policies\/privacy\/<\/a>, Opt-Out: <a href=\"https:\/\/adssettings.google.com\/authenticated\">https:\/\/adssettings.google.com\/authenticated<\/a>.<\/p>\n<h6>Haftungsausschluss f\u00fcr den Inhalt verlinkter Seiten<\/h6>\n<p>Der Betreiber dieser Homepage haftet nicht f\u00fcr den Inhalt externer Internetseiten, zu denen er Hyperlinks auf seiner Homepage eingebunden hat.<br \/>\nDer Inhalt der externen Seiten entspricht nach Kenntnis des Betreibers dieser Homepage geltendem Recht.<br \/>\nDiese Inhalte sind fremde Inhalte im Sinne des \u00a75 II MDStv. bzw. keine eigenen Inhalte gem. \u00a78 I TDG.<br \/>\nVon etwaigen Verst\u00f6\u00dfen gegen Rechtsvorschriften durch die externen Seiten ist ihm nichts bekannt.<br \/>\nSollten ohne Wissen des Betreibers auf externen Seiten Rechtsverst\u00f6\u00dfe stattfinden, so distanziert sich der Betreiber hiermit ausdr\u00fccklich von diesen Verst\u00f6\u00dfen.<br \/>\nEine Distanzierung findet auch von den sonstigen rechtm\u00e4\u00dfigen und -widrigen Inhalten der externen Seiten statt, f\u00fcr die lediglich die Betreiber jener Seiten verantwortlich sind und auf die der Betreiber dieser Homepage keinen Einfluss nehmen kann.<\/p>\n","protected":false},"excerpt":{"rendered":"<p>Registergericht: Amtsgericht L\u00fcneburg Vereinsregisternummer: 100 974 &nbsp; Verantwortliche (Satzungsauszug) \u00a79 Satz 1 Vorstand im Sinne des \u00a726 BGB sind der Vorsitzende, der stellvertretende Vorsitzende und der Schatzmeister. Sie vertreten den&#8230;<\/p>\n","protected":false},"author":5,"featured_media":0,"parent":0,"menu_order":0,"comment_status":"closed","ping_status":"closed","template":"","meta":{"footnotes":""},"class_list":["post-4122","page","type-page","status-publish","hentry"],"_links":{"self":[{"href":"https:\/\/heide-mudokwan.de\/index.php?rest_route=\/wp\/v2\/pages\/4122","targetHints":{"allow":["GET"]}}],"collection":[{"href":"https:\/\/heide-mudokwan.de\/index.php?rest_route=\/wp\/v2\/pages"}],"about":[{"href":"https:\/\/heide-mudokwan.de\/index.php?rest_route=\/wp\/v2\/types\/page"}],"author":[{"embeddable":true,"href":"https:\/\/heide-mudokwan.de\/index.php?rest_route=\/wp\/v2\/users\/5"}],"replies":[{"embeddable":true,"href":"https:\/\/heide-mudokwan.de\/index.php?rest_route=%2Fwp%2Fv2%2Fcomments&post=4122"}],"version-history":[{"count":17,"href":"https:\/\/heide-mudokwan.de\/index.php?rest_route=\/wp\/v2\/pages\/4122\/revisions"}],"predecessor-version":[{"id":5154,"href":"https:\/\/heide-mudokwan.de\/index.php?rest_route=\/wp\/v2\/pages\/4122\/revisions\/5154"}],"wp:attachment":[{"href":"https:\/\/heide-mudokwan.de\/index.php?rest_route=%2Fwp%2Fv2%2Fmedia&parent=4122"}],"curies":[{"name":"wp","href":"https:\/\/api.w.org\/{rel}","templated":true}]}}